isor of 12 and 116?
4
Calculate the highest common divisor of 150 and 120.
30
What is the greatest common factor of 7439 and 43?
43
What is the highest common factor of 30 and 480?
30
Calculate the highest common factor of 259 and 95053.
259
Calculate the greatest common factor of 520 and 12220.
260
What is the highest common factor of 592 and 37?
37
Calculate the highest common divisor of 10 and 10.
10
Calculate the greatest common factor of 266 and 1672.
38
What is the greatest common factor of 286 and 44?
22
What is the highest common factor of 209 and 76?
19
What is the greatest common factor of 74 and 45880?
74
What is the greatest common factor of 117 and 729?
9
What is the greatest common factor of 250 and 2?
2
Calculate the highest common factor of 92 and 2990.
46
What is the highest common divisor of 985 and 18321?
197
Calculate the greatest common divisor of 5133 and 348.
87
What is the greatest common divisor of 49 and 4242?
7
Calculate the greatest common factor of 32 and 272.
16
Calculate the greatest common factor of 1242 and 43056.
414
Calculate the highest common divisor of 1326 and 104.
26
Calculate the highest common divisor of 228 and 266.
38
Calculate the greatest common factor of 5868 and 36.
36
What is the greatest common factor of 12 and 492?
12
Calculate the greatest common factor of 62 and 14198.
62
What is the highest common divisor of 938 and 70?
14
Calculate the highest common factor of 51944 and 43.
43
Calculate the highest common factor of 64 and 928.
32
What is the greatest common divisor of 26 and 32?
2
Calculate the greatest common factor of 754 and 638.
58
Calculate the highest common factor of 200 and 1640.
40
Calculate the highest common divisor of 187 and 33.
11
Calculate the greatest common divisor of 42 and 9219.
21
What is the highest common divisor of 1105 and 1560?
65
What is the highest common factor of 1006 and 4?
2
Calculate the highest common factor of 60 and 21860.
20
Calculate the greatest common divisor of 25 and 1175.
25
Calculate the greatest common divisor of 193 and 3.
1
What is the greatest common factor of 21 and 16989?
21
What is the highest common factor of 18954 and 156?
78
What is the greatest common factor of 533 and 1681?
41
Calculate the greatest common factor of 99 and 9.
9
Calculate the greatest common divisor of 168 and 63.
21
What is the highest common factor of 9 and 687?
3
Calculate the greatest common divisor of 1792 and 14.
14
Calculate the highest common divisor of 102 and 114.
6
What is the highest common factor of 10 and 345?
5
Calculate the highest common divisor of 104 and 2236.
52
Calculate the greatest common divisor of 299 and 104.
13
What is the greatest common factor of 320 and 880?
80
Calculate the highest common factor of 38 and 10.
2
Calculate the highest common divisor of 1551 and 33.
33
What is the greatest common divisor of 105 and 3045?
105
What is the highest common divisor of 38 and 572?
2
Calculate the greatest common factor of 128 and 6.
2
Calculate the greatest common divisor of 12 and 960.
12
What is the greatest common factor of 6016 and 128?
128
What is the highest common factor of 15 and 6?
3
Calculate the greatest common factor of 60 and 48.
12
Calculate the highest common factor of 13 and 117.
13
Calculate the greatest common factor of 18447 and 129.
129
What is the greatest common divisor of 8277 and 93?
93
What is the highest common divisor of 608 and 64?
32
Calculate the highest common factor of 210 and 315.
105
Calculate the greatest common divisor of 13384 and 280.
56
What is the greatest common factor of 85 and 2465?
85
What is the greatest common factor of 968 and 16?
8
What is the highest common divisor of 33 and 583?
11
What is the greatest common divisor of 820 and 10?
10
What is the highest common divisor of 11 and 2860?
11
What is the highest common factor of 28 and 21028?
28
Calculate the highest common divisor of 3374 and 196.
14
Calculate the greatest common divisor of 64 and 216.
8
What is the greatest common factor of 1880 and 40?
40
What is the highest common factor of 9 and 423?
9
What is the highest common factor of 1296 and 63?
9
What is the greatest common divisor of 40 and 20?
20
What is the highest common divisor of 3 and 39?
3
What is the highest common divisor of 82 and 451?
41
What is the greatest common divisor of 8 and 2056?
8
What is the greatest common factor of 120 and 22440?
120
Calculate the highest common divisor of 1 and 3.
1
What is the greatest common factor of 2 and 9?
1
What is the highest common factor of 609 and 1407?
21
Calculate the highest common factor of 1918 and 14.
14
Calculate the greatest common factor of 3725 and 25.
25
Calculate the highest common divisor of 468 and 900.
36
Calculate the greatest common factor of 1288 and 230.
46
What is the greatest common factor of 360 and 30384?
72
What is the greatest common factor of 368 and 560?
16
What is the highest common divisor of 195 and 78?
39
Calculate the highest common divisor of 264 and 1221.
33
Calculate the highest common factor of 7 and 77.
7
What is the highest common divisor of 748 and 136?
68
What is the highest common factor of 445 and 10?
5
What is the highest common divisor of 540 and 780?
60
What is the greatest common divisor of 108 and 81?
27
What is the greatest common factor of 255 and 1700?
85
What is the greatest common divisor of 376 and 3572?
188
What is the highest common divisor of 901 and 17?
17
Calculate the highest common divisor of 12 and 207.
3
Calculate the greatest common divisor of 87 and 19923.
87
What is the greatest common divisor of 113 and 18871?
113
Calculate the highest common divisor of 26 and 598.
26
What is the greatest common divisor of 1158 and 78?
6
What is the greatest common factor of 6111 and 315?
63
Calculate the highest common divisor of 232 and 2.
2
What is the highest common divisor of 175 and 1075?
25
What is the highest common divisor of 54 and 2808?
54
What is the greatest common divisor of 230 and 1426?
46
What is the highest common factor of 567 and 21?
21
What is the greatest common divisor of 3591 and 1890?
189
What is the greatest common factor of 153 and 7701?
51
What is the greatest common divisor of 7 and 7?
7
What is the greatest common divisor of 5 and 410?
5
What is the highest common divisor of 39 and 637?
13
What is the highest common divisor of 4328 and 16?
8
Calculate the highest common divisor of 32 and 176.
16
What is the highest common divisor of 130 and 325?
65
What is the greatest common divisor of 21 and 159?
3
What is the highest common factor of 63 and 9219?
21
What is the highest common divisor of 1219 and 851?
23
What is the highest common factor of 37008 and 432?
144
Calculate the greatest common divisor of 27 and 9.
9
Calculate the greatest common divisor of 44 and 1100.
44
Calculate the highest common factor of 2832 and 177.
177
Calculate the greatest common divisor of 29 and 812.
29
What is the greatest common divisor of 150 and 48?
6
What is the highest common divisor of 15 and 48?
3
Calculate the highest common divisor of 552 and 48.
24
What is the highest common divisor of 1767 and 57?
57
What is the highest common divisor of 832 and 988?
52
What is the greatest common divisor of 492 and 60?
12
What is the greatest common divisor of 12 and 1056?
12
What is the highest common divisor of 12650 and 100?
50
Calculate the highest common factor of 15249 and 23.
23
What is the highest common factor of 31 and 2697?
31
Calculate the greatest common factor of 5358 and 152.
38
What is the highest common divisor of 13 and 16991?
13
What is the greatest common factor of 264 and 24?
24
What is the greatest common factor of 4 and 7516?
4
What is the greatest common divisor of 18962 and 76?
38
Calculate the highest common divisor of 44474 and 74.
74
Calculate the highest common divisor of 658 and 14.
14
Calculate the highest common divisor of 115 and 15.
5
Calculate the greatest common divisor of 207 and 46.
23
What is the greatest common divisor of 4 and 3?
1
What is the highest common factor of 1066 and 26?
26
Calculate the highest common divisor of 45 and 435.
15
What is the greatest common factor of 37 and 16?
1
Calculate the highest common factor of 3899 and 14.
7
Calcu